{"id":71,"date":"2013-05-24T09:19:53","date_gmt":"2013-05-24T07:19:53","guid":{"rendered":"http:\/\/www.computer-freun.de\/it-dozent\/?page_id=71"},"modified":"2023-06-23T13:06:13","modified_gmt":"2023-06-23T11:06:13","slug":"macos","status":"publish","type":"page","link":"https:\/\/www.computer-freun.de\/it-dozent\/portfolio\/macos\/","title":{"rendered":"MacOS \/ IWork"},"content":{"rendered":"<h2>Office f\u00fcr Mac<\/h2>\n<p style=\"text-align: justify;\">Es sind die Nuancen, die den Unterschied ausmachen! MS Office 2021 \/ 365\u00a0 f\u00fcr Mac ist angelehnt an das Windows-Pendant.<br \/>\nIn der Anwendung (Usability) gibt es jedoch einige erhebliche Abweichungen vom Windows-\u201dOriginal\u201d.<\/p>\n<p><img decoding=\"async\" class=\"cfreunde-lightbox aligncenter\" src=\"http:\/\/www.computer-freun.de\/it-dozent\/wp-content\/uploads\/office-2011-fuer-mac.jpg\" alt=\"\" \/><\/p>\n<h2>OpenOffice.org Writer<\/h2>\n<p>\u201cWRITER ist das Textverarbeitungsmodul von OpenOffice.org und bietet alles, was man von einer modernen Textverarbeitung erwarten kann. WRITER ist \u00fcbersichtlich und intuitiv zu bedienen. Ob schnell einen kurzen Brief schreiben oder einen ausf\u00fchrlichen Artikel erstellen, die daf\u00fcr n\u00f6tigen Funktionen finden man schnell und einfach.\u201d<\/p>\n<p><img decoding=\"async\" class=\"cfreunde-lightbox aligncenter\" src=\"http:\/\/www.computer-freun.de\/it-dozent\/wp-content\/uploads\/Openoffice.jpg\" alt=\"\" \/><\/p>\n<h2>Pages Pages<\/h2>\n<p>&#8230;ist ein Textverarbeitungsprogramm der Firma Apple f\u00fcr die Betriebssysteme Mac OS X und iOS. Es ist Teil des B\u00fcropakets iWork. Es ist einerseits ein normales Textverarbeitungsprogramm, andererseits verf\u00fcgt es \u00fcber Funktionen, die bisher professionellen DTP-Programmen vorbehalten waren, da Bild und Text rahmenbasiert gesetzt werden k\u00f6nnen.<\/p>\n<p><img decoding=\"async\" class=\"cfreunde-lightbox aligncenter\" src=\"http:\/\/www.computer-freun.de\/it-dozent\/wp-content\/uploads\/mac.gif\" alt=\"\" \/><\/p>\n","protected":false},"excerpt":{"rendered":"<p>Office f\u00fcr Mac Es sind die Nuancen, die den Unterschied ausmachen! MS Office 2021 \/ 365\u00a0 f\u00fcr Mac ist angelehnt an das Windows-Pendant. In der Anwendung (Usability) gibt es jedoch einige erhebliche Abweichungen vom Windows-\u201dOriginal\u201d. OpenOffice.org Writer \u201cWRITER ist das Textverarbeitungsmodul von OpenOffice.org und bietet alles, was man von einer modernen Textverarbeitung erwarten kann. WRITER [&hellip;]<\/p>\n","protected":false},"author":5,"featured_media":0,"parent":67,"menu_order":7,"comment_status":"closed","ping_status":"open","template":"","meta":{"footnotes":""},"class_list":["post-71","page","type-page","status-publish","hentry"],"_links":{"self":[{"href":"https:\/\/www.computer-freun.de\/it-dozent\/wp-json\/wp\/v2\/pages\/71","targetHints":{"allow":["GET"]}}],"collection":[{"href":"https:\/\/www.computer-freun.de\/it-dozent\/wp-json\/wp\/v2\/pages"}],"about":[{"href":"https:\/\/www.computer-freun.de\/it-dozent\/wp-json\/wp\/v2\/types\/page"}],"author":[{"embeddable":true,"href":"https:\/\/www.computer-freun.de\/it-dozent\/wp-json\/wp\/v2\/users\/5"}],"replies":[{"embeddable":true,"href":"https:\/\/www.computer-freun.de\/it-dozent\/wp-json\/wp\/v2\/comments?post=71"}],"version-history":[{"count":0,"href":"https:\/\/www.computer-freun.de\/it-dozent\/wp-json\/wp\/v2\/pages\/71\/revisions"}],"up":[{"embeddable":true,"href":"https:\/\/www.computer-freun.de\/it-dozent\/wp-json\/wp\/v2\/pages\/67"}],"wp:attachment":[{"href":"https:\/\/www.computer-freun.de\/it-dozent\/wp-json\/wp\/v2\/media?parent=71"}],"curies":[{"name":"wp","href":"https:\/\/api.w.org\/{rel}","templated":true}]}}